 - 2*q**2 - q - 4. Determine w(-2).
-74
Let w(t) = -229*t - 2064. Calculate w(-9).
-3
Let t(m) = -m**3 - 14*m**2 - 12*m + 3. Determine t(-13).
-10
Let m(w) = -3*w**2 + 12*w + 25. Determine m(6).
-11
Let u(m) = -2*m - 9. What is u(-10)?
11
Let z(b) = -b**3 - 29*b**2 - 27*b + 43. What is z(-28)?
15
Let d(j) = 2*j - 22. Give d(17).
12
Let q(o) = -o**2 + 9*o + 108. Give q(-7).
-4
Let v(c) = -c**2 + 109*c - 2042. Give v(24).
-2
Let a(s) = s**3 + 2*s**2 + 4*s + 17. Determine a(-4).
-31
Let m(r) = 9*r + 5. Give m(1).
14
Let r(p) = 2*p**2 + 6*p + 4. Determine r(-6).
40
Let i(u) = -u + 12. Give i(6).
6
Let q(s) = -s - 5. What is q(11)?
-16
Let u(a) = 2*a - 18. Calculate u(6).
-6
Let t(m) = m**2 - 3. What is t(-3)?
6
Let m(c) = c**3 + 3*c**2 + 2*c - 1. Give m(-2).
-1
Let p(l) = -l**3 + 4*l**2 - l + 1. Determine p(5).
-29
Let f(x) = 7*x - 50. What is f(9)?
13
Let b(r) = -r**3 - 9*r**2 + 10*r + 11. Give b(-10).
11
Let r(u) = u**2 + 18*u - 4. Calculate r(-5).
-69
Let o(h) = h**3 + 9*h**2 - 8*h. Calculate o(-10).
-20
Let x(a) = a**2 + 4*a - 25. Determine x(0).
-25
Let d(j) = -2*j**2 + 3*j + 4. What is d(-3)?
-23
Let j(r) = -r**2 - 2. Calculate j(-2).
-6
Let a(v) = v**2 - 2*v + 2. Give a(4).
10
Let f(u) = -32*u + 1. Determine f(-3).
97
Let m(s) = s**2 + 11*s + 3. What is m(-7)?
-25
Let j(i) = -3*i**2 - 21*i + 28. Determine j(-8).
4
Let z(u) = 2*u + 8. Give z(-11).
-14
Let r(w) = 10*w - 57. What is r(7)?
13
Let k(f) = 4*f + 94. Give k(-25).
-6
Let z(g) = -g**2 - 5*g + 5. Determine z(-5).
5
Let v(o) = o**3 - 10*o**2 - 2*o - 6. What is v(10)?
-26
Let c(h) = h**3 + 5*h**2 - 6*h + 2. Calculate c(-6).
2
Let b(h) = -49*h - 245. Calculate b(-5).
0
Let c(q) = -21*q - 118. What is c(-6)?
8
Let t(c) = -7*c**2 + 2. Give t(2).
-26
Let b(m) = -m**3 - 8*m**2 + 20*m + 10. Calculate b(-8).
-150
Let j(y) = -2*y + 5. What is j(12)?
-19
Let x(p) = 2*p. Give x(-15).
-30
Let q(p) = -p**3 + 20*p**2 - 18*p - 41. Determine q(19).
-22
Let a(w) = w**3 - 15*w**2 - 34*w + 5. Give a(17).
5
Let m(o) = -3*o**2 - o - 11. Determine m(2).
-25
Let d(x) = -14*x + 217. Give d(16).
-7
Let z(v) = -6*v - 11. Give z(-2).
1
Let v(q) = 6*q + 14. What is v(-9)?
-40
Let q(l) = 2*l**2 - 12*l + 23. Give q(4).
7
Let n(y) = -3*y**3 - 12*y**2 + 31*y - 2. Determine n(2).
-12
Let c(b) = -b**2 - 2*b - 3. Calculate c(-7).
-38
Let c(j) = -j**2 + 8*j - 7. Calculate c(6).
5
Let d(s) = -s**3 + 7*s**2 - 5*s - 6. Give d(6).
0
Let a(k) = k**2 - k. Determine a(4).
12
Let l(b) = -b**3 - 3*b**2 + 3*b + 22. Calculate l(-4).
26
Let y(u) = u**3 + 6*u**2 + 3*u - 9. Calculate y(-4).
11
Let h(r) = 17*r + 363. Calculate h(-22).
-11
Let u(n) = n**3 + 31*n**2 + 30*n + 18. Determine u(-30).
18
Let g(t) = -t**3 + 6*t**2 + 29*t - 22. Determine g(9).
-4
Let u(z) = 28*z + 405. Give u(-14).
13
Let t(i) = -11*i - 606. Determine t(-55).
-1
Let v(z) = z**2 - 8*z + 4. What is v(6)?
-8
Let d(l) = -4*l - 22. Determine d(-5).
-2
Let o(n) = -n**2 + 12*n - 5. What is o(12)?
-5
Let x(o) = -o - 12. Give x(4).
-16
Let n(m) = -m**3 + 10*m**2 - m + 21. Calculate n(10).
11
Let z(j) = -j**3 - 14*j**2 + j + 18. Give z(-14).
4
Let r(q) = -12*q**2 + 6*q + 9. Determine r(-2).
-51
Let s(l) = -l**3 - 12*l**2 - 11*l + 34. Calculate s(-11).
34
Let y(k) = 2*k**2 - 7*k + 25. Give y(3).
22
Let a(w) = -7*w**2 + 7*w + 8. What is a(-3)?
-76
Let x(h) = -7*h + 89. What is x(14)?
-9
Let i(t) = t - 23. Determine i(7).
-16
Let p(j) = 12*j + 4. Give p(-7).
-80
Let y(b) = b**2 + 44*b + 228. Determine y(-38).
0
Let h(k) = k**3 + 8*k**2 + 11*k - 10. Calculate h(-6).
-4
Let u(z) = -2*z**2 + 17*z - 17. Determine u(7).
4
Let g(t) = -t**2 - 7*t + 27. What is g(-15)?
-93
Let f(z) = 6*z + 3. What is f(0)?
3
Let y(q) = -17*q + 94. Determine y(6).
-8
Let y(d) = -d - 6. Determine y(12).
-18
Let f(a) = -4*a**2 - 6*a - 8. What is f(-4)?
-48
Let c(h) = h**3 + 4*h**2 - 3*h + 4. Determine c(-4).
16
Let b(a) = -a**2 + 47*a + 628. What is b(58)?
-10
Let g(x) = -3*x**3 + x**2 + x. Give g(-2).
26
Let p(t) = t**2 + 2*t + 7. Calculate p(-6).
31
Let x(v) = v**2 - 22*v + 110. What is x(8)?
-2
Let i(j) = -5*j - 13. What is i(-5)?
12
Let w(l) = 4*l - 73. What is w(12)?
-25
Let i(f) = f + 21. Calculate i(-17).
4
Let b(v) = 8*v - 68. Determine b(8).
-4
Let x(c) = -c**3 - c**2 + 4*c - 2. What is x(2)?
-6
Let r(j) = 2*j + 3. Give r(-4).
-5
Let m(z) = -z + 7. Determine m(9).
-2
Let a(t) = 17*t - 1. Give a(1).
16
Let u(a) = -a**3 + 12*a**2 + 15*a - 26. What is u(13)?
0
Let w(x) = -x**3 - 123. Give w(0).
-123
Let p(b) = b**3 - 29*b**2 + 25*b + 18. Determine p(28).
-66
Let l(q) = 34*q + 371. Determine l(-10).
31
Let z(v) = -v**2 + 3*v + 10. Determine z(-3).
-8
Let o(s) = -5*s - 28. Determine o(-9).
17
Let v(g) = 7*g**2. Give v(-1).
7
Let c(b) = -b**3 + 21*b**2 - 2*b + 33. Calculate c(21).
-9
Let t(c) = -5*c**2 - c + 13. Calculate t(-5).
-107
Let q(r) = r**2 - 8*r - 1. Give q(12).
47
Let v(b) = -2*b**2 + 23*b - 2. Give v(12).
-14
Let m(x) = -x**3 + 8*x**2 - 10*x - 16. Determine m(6).
-4
Let f(w) = -w**2 + 12*w + 7. Give f(11).
18
Let b(r) = -r**3 - 16*r**2 - 65*r - 14. What is b(-8)?
-6
Let u(a) = -a**3 - 3*a**2 + 8*a + 6. Give u(-5).
16
Let m(v) = 234*v + 707. What is m(-3)?
5
Let o(b) = -2*b - 10. What is o(-13)?
16
Let y(f) = -f**3 - 3*f**2 - f - 4. Calculate y(-3).
-1
Let m(x) = 18*x - 858. Give m(48).
6
Let n(v) = -v**3 + 3*v**2 + 2*v + 8. Give n(4).
0
Let q(u) = u**3 - 9*u**2 + 10*u - 9. Determine q(6).
-57
Let w(l) = -13*l**2 + 17*l - 32. What is w(2)?
-50
Let i(x) = -6*x + 30. What is i(7)?
-12
Let r(x) = -x**3 + 3*x**2 + 4*x - 4. What is r(-2)?
8
Let q(x) = 11*x**2 - 3*x - 2. Calculate q(-1).
12
Let s(w) = -w**3 - 7*w**2 - 7*w + 7. Give s(-6).
13
Let b(k) = -k**3 + 9*k**2 + 2*k - 22. Calculate b(9).
-4
Let i(r) = 3*r**2 - 15*r - 8. Determine i(6).
10
Let z(m) = -m**3 + 5*m**2 - 4*m + 15. Give z(5).
-5
Let t(p) = p**3 - 16*p**2 - 15*p - 27. What is t(17)?
7
Let d(n) = -n**2 - 13*n - 16. Give d(-13).
-16
Let g(b) = 11*b + 3. What is g(-3)?
-30
Let t(g) = -8*g**2 + 71*g + 12. What is t(9)?
3
Let k(r) = -35*r - 600. Calculate k(-17).
-5
Let z(v) = 7*v**3 + 2*v - 1. Calculate z(1).
8
Let p(h) = h**2 - 7*h - 1. Determine p(7).
-1
Let k(u) = -u**3 - 8*u**2 - 14*u - 10. What is k(-6)?
2
Let c(n) = n**2 + 9*n - 3. What is c(-4)?
-23
Let u(q) = -2*q**3 + 13*q**2 + 12*q - 2. What is u(7)?
33
Let u(x) = 13*x + 99. Determine u(-7).
8
Let f(u) = 11*u - 25. Determine f(2).
-3
Let l(v) = v**2 - 10*v + 4. Give l(7).
-17
Let p(f) = f**2 - 40*f + 398. What is p(20)?
-2
Let n(m) = 53*m - 8. Calculate n(-3).
-167
Let n(w) = 11*w + 11. Determine n(-2).
-11
Let s(q) = -14*q**2 - q + 2. Calculate s(-2).
-52
Let p(s) = -19*s**2 + 97*s + 1. What is p(5)?
11
Let v(y) = 4*y + 70. Determine v(-18).
-2
Let c(d) = 3*d - 25. Determine c(7).
-4
Let i(a) = -7*a + 58. Determine i(8).
2
Let z(v) = -7*v. What is z(2)?
-14
Let a(h) = -h**2 + 45*h + 469. What is a(-9)?
-17
Let u(p) = -p**3 - p**2 + 2*p - 16. Calculate u(0).
-16
Let x(t) = 48*t**2 + t + 2. Give x(-1).
49
Let s(j) = j**2 + 16*j + 12. Give s(-14).
-16
Let n(g) = 2*g - 25. What is n(14)?
3
Let t(r) = -46*r - 142. Give t(-3).
-4
Let a(z) = 10*z + 32. Give a(-3).
2
Let l(w) = 11*w + 2. Determine l(-6).
-64
Let u(g) = 40*g**2 + g. What is u(-1)?
39
Let v(p) = p**3 + 18*p**2 - p. Give v(-18).
18
Let h(g) = -g**3 + 6*g**2 - 7*g - 7. Determine h(5).
-17
Let j(k) = 18*k**2 - 3*k + 2. Calculate j(1).
17
Let z(v) = -v**3 - 3*v**2 + v - 6. Determine z(-4).
6
Let d(a) = -a**2 + 16*a + 57. Give d(19).
0
Let r(k) = -4*k + 18. Give r(5).
-2
Let l(f) = f**3 - 3*f**2 - 4. Give l(4).
12
Let c(t) = 13*t**2 - 7*t - 6. What is c(-2)?
60
Let i(n) = -33*n**3 + n**2. Give i(-1).
34
Let y(q) = q + 4. Calculate y(-20).
-16
Let i(g) = g**3 - 5*g**2 + 5*g - 7. Calculate i(3).
-10
Let h(y) = -53*y + 738. What is h(14)?
-4
Let j(x) = x**2 + 7*x - 8. What is j(-8)?
0
Let j(d) = 2*d**2 + 2*d - 12. Determine j(2).
0
Let d(u) = u**2 - 59*u - 1479. Calculate d(78).
3
Let l(h) = -h**3 - 15*h**2 + 13*h - 23. Calculate l(-16).
25
Let a(i) = i**3 - 6*i**2 + 3*i - 7. Determine a(6).
11
Let g(l) = -l**2 - 16*l - 45. What is g(-13)?
-6
Let b(r) = -2*r + 26. Give b(16).
-6
Let b(a) = -28*a**3 + 2*a**2 + 8*a + 6. Give b(-1).
28
Let h(a) = a**3 + 4*a**2 - 7*a - 5. Give h(-5).
5
Let o(u) = 5*u**2 - 2*u - 5. Give 